
-8
Let u(b) = -3*b + 22. What is u(9)?
-5
Let m(g) = -g**3 + 6*g**2 - 9*g - 3. Calculate m(4).
-7
Let p(n) = n**2 + 21*n + 17. Calculate p(-20).
-3
Let y(v) = -v + 34. Calculate y(11).
23
Let u(y) = -4*y**2 - 23*y - 13. Determine u(-5).
2
Let h(i) = -i**3 + 8*i**2 - i - 5. Give h(8).
-13
Let w(r) = 3*r**2 - 9*r - 23. What is w(-2)?
7
Let z(u) = u**2 + 2*u - 2. What is z(5)?
33
Let z(b) = -b**2 - 13*b + 6. Give z(-13).
6
Let q(s) = -s**2 + 3*s + 25. What is q(8)?
-15
Let z(f) = 5*f + 2. Give z(-7).
-33
Let c(n) = 8*n**2 + 3*n + 2. Determine c(-1).
7
Let t(x) = -x**3 + 14*x**2 + 13*x + 20. Determine t(15).
-10
Let t(r) = r**3 + 13*r**2 - 13*r + 14. What is t(-14)?
0
Let k(m) = 36*m + 805. Calculate k(-22).
13
Let s(z) = 2*z**2 + 16*z + 10. What is s(-10)?
50
Let t(i) = i**2 - 11*i + 13. Determine t(10).
3
Let f(x) = -2*x**2 + 2*x + 9. Give f(4).
-15
Let x(p) = -80*p - 84. Calculate x(-1).
-4
Let s(k) = -3*k + 2. What is s(10)?
-28
Let y(l) = 5*l**2 - 2*l - 1. Determine y(-1).
6
Let r(n) = n + 18. Determine r(-7).
11
Let r(b) = -b**3 - 5*b**2 - 7*b - 6. Give r(-4).
6
Let o(c) = 4*c**2 - 2*c + 1. Give o(1).
3
Let l(o) = -o**2 - 6*o + 10. What is l(-8)?
-6
Let o(a) = -2*a**3 + 32*a**2 - 32*a + 29. Calculate o(15).
-1
Let u(j) = -j**2 - 10*j - 12. What is u(-9)?
-3
Let k(l) = l**3 + 3*l**2 + l + 1. Give k(-2).
3
Let m(z) = -z**2 + 3*z + 5. Give m(5).
-5
Let u(g) = 4*g**2 - 4*g - 6. Calculate u(-1).
2
Let v(x) = -x**2 + 18*x + 40. Calculate v(21).
-23
Let w(r) = -r**2 + 3*r + 16. Give w(5).
6
Let w(n) = n**2 - 5*n - 6. What is w(6)?
0
Let c(j) = -j**2 - 14*j - 18. Determine c(-10).
22
Let w(a) = -a**3 + 11*a**2 + 11*a + 4. What is w(12)?
-8
Let g(y) = -y**2 - 36*y - 97. Determine g(-36).
-97
Let y(c) = c - 27. Calculate y(15).
-12
Let w(l) = l**3 + 17*l**2 + 2*l + 35. Calculate w(-17).
1
Let r(h) = -10*h - 90. What is r(-10)?
10
Let b(n) = n**3 - 5*n**2 - 7*n + 10. Give b(6).
4
Let t(c) = -c**2 + 14*c + 25. What is t(-2)?
-7
Let y(i) = 3*i - 54. Give y(18).
0
Let y(u) = 7*u - 146. Calculate y(19).
-13
Let m(r) = -r**2 + 5. Determine m(4).
-11
Let s(r) = 4*r**3 - 41*r**2 + 13*r - 26. Determine s(10).
4
Let l(p) = -13*p**2 + 15*p - 2. Determine l(1).
0
Let u(i) = -76*i + 14. Calculate u(1).
-62
Let f(l) = l**2 - 26*l + 33. Calculate f(24).
-15
Let u(i) = -i**3 + 53*i**2 - i + 108. What is u(53)?
55
Let l(a) = -2*a - 2. Determine l(-2).
2
Let f(w) = -2*w**3 + 11*w**2 - 10*w. Give f(4).
8
Let f(g) = 2*g**3 - 2*g**2 - g - 2. Calculate f(2).
4
Let a(v) = -v**3 - 8*v**2 - 5*v + 8. Give a(-6).
-34
Let l(g) = -3*g**2 + 16*g + 15. Calculate l(5).
20
Let r(j) = j**3 + 2*j**2 + j - 2. Determine r(-2).
-4
Let x(v) = -v. Give x(-3).
3
Let o(c) = -c**3 + c. Give o(2).
-6
Let q(o) = o**3 + o**2 - 33*o - 21. Give q(-6).
-3
Let l(k) = -2*k**2 - 9*k - 13. Determine l(-2).
-3
Let r(c) = -c - 22. Calculate r(-22).
0
Let l(q) = q**3 + 7*q**2 + 4*q - 11. Calculate l(-6).
1
Let b(g) = -g**2 + 23*g - 34. Determine b(22).
-12
Let n(a) = -31*a**3 + 2*a - 1. What is n(1)?
-30
Let g(p) = 3*p - 2. What is g(-2)?
-8
Let n(f) = -f**2 + 41*f + 6. What is n(41)?
6
Let r(w) = w**2 + 4*w - 3. Determine r(1).
2
Let i(f) = f + 3. Calculate i(-2).
1
Let w(t) = -5*t + 48. Calculate w(9).
3
Let j(c) = -c**2 - 4*c - 2. Determine j(0).
-2
Let q(a) = -a**2 - 12*a + 58. What is q(-16)?
-6
Let d(c) = c + 7. Give d(-4).
3
Let z(p) = 9*p**3 + p. Determine z(-1).
-10
Let l(j) = j**3 - 4*j**2 - 4*j - 8. Determine l(5).
-3
Let n(c) = -2*c**2 - 15*c + 2. Determine n(-7).
9
Let d(f) = f**3 - 8*f**2 - 19*f - 1. What is d(10)?
9
Let q(z) = -2*z**2 + 4*z - 3. Calculate q(5).
-33
Let r(s) = s**3 + 9*s**2 - 24*s - 27. What is r(-11)?
-5
Let w(c) = -c**3 + 4*c**2 + 5*c + 4. What is w(7)?
-108
Let r(o) = -o**3 - 13*o**2 - 13*o - 2. Calculate r(-12).
10
Let z(h) = 2*h**3 - 7*h**2 + 3*h + 7. Determine z(4).
35
Let g(i) = -i**2 + 9*i - 2. Determine g(8).
6
Let l(k) = -k**3 - 9*k**2 - 9*k - 4. Calculate l(-8).
4
Let r(t) = -5*t**3 + 4*t**2 - 4*t + 2. What is r(3)?
-109
Let r(k) = -k**2 - 2*k + 4. Determine r(0).
4
Let v(x) = x**3 + 8*x**2 - x. Calculate v(-8).
8
Let h(j) = -j**3 + j**2 - 15*j + 28. What is h(0)?
28
Let l(o) = o**2 + o - 8. What is l(2)?
-2
Let b(f) = -2*f**2 + 3*f + 4. Calculate b(4).
-16
Let v(c) = -2*c + 70. Calculate v(26).
18
Let c(d) = -d**3 + 2*d**2 + 30*d + 32. What is c(7)?
-3
Let l(h) = 4*h - 24. Determine l(8).
8
Let y(m) = 6*m**2 - 9*m + 7. Give y(1).
4
Let v(o) = o**2 + 11*o + 10. Determine v(-11).
10
Let n(y) = -y**3 + 17*y**2 + 10. What is n(17)?
10
Let w(r) = -10*r - 53. Give w(-8).
27
Let c(h) = h**3 + 5*h**2 - h - 3. What is c(-3)?
18
Let m(p) = 26*p**3 + p**2 - 2. Give m(1).
25
Let d(r) = -3*r + 17. Give d(7).
-4
Let j(r) = -4*r**2 - 2*r + 2. What is j(1)?
-4
Let w(c) = -c**3 + 6*c**2 - c - 12. Determine w(6).
-18
Let l(n) = -6*n + 7. Determine l(-11).
73
Let q(j) = 2*j**2 - 8*j - 9. Give q(7).
33
Let m(z) = -z**2 + 5*z + 4. Determine m(7).
-10
Let m(t) = 53*t + 8. Determine m(2).
114
Let t(z) = -14*z + 110. Give t(8).
-2
Let j(q) = q**3 + 2*q**2 + q - 4. Determine j(-3).
-16
Let c(y) = -3*y + 6. Calculate c(3).
-3
Let x(j) = -2*j**3 - 5*j**2 - j - 3. Determine x(-4).
49
Let r(v) = -7*v**2 + v + 2. Calculate r(2).
-24
Let r(c) = -2*c**2 - 2*c - 7. Give r(-2).
-11
Let d(s) = s**3 - 30*s**2 - 218*s + 78. What is d(36)?
6
Let g(l) = 26*l**2 + 14*l + 2. Give g(-1).
14
Let j(f) = 5*f - 39. Give j(8).
1
Let v(s) = -26*s + 75. Determine v(3).
-3
Let g(u) = u**3 - 11*u**2 + 11*u - 10. What is g(10)?
0
Let t(b) = -b**2 + 21*b + 101. What is t(25)?
1
Let y(g) = -3*g + 10. What is y(8)?
-14
Let j(v) = -6*v + 279. Give j(45).
9
Let o(d) = -d**3 - 5*d**2 - 6*d + 13. Calculate o(-4).
21
Let k(c) = -2*c**3 - c**2 - 3*c + 3. Determine k(1).
-3
Let g(o) = -2*o - 21. Calculate g(-17).
13
Let r(j) = j**3 + 7*j**2 - 7*j - 10. Determine r(-8).
-18
Let p(r) = -r**3 + 15*r**2 - 46*r + 1. Give p(4).
-7
Let r(t) = -t**2 - 2*t + 1. Determine r(1).
-2
Let v(b) = 27*b + 2. What is v(1)?
29
Let f(k) = -2*k**3 - 16*k**2 + 13*k + 111. Calculate f(-8).
7
Let d(x) = x**2 - x - 159. Calculate d(13).
-3
Let p(z) = 55*z + 26. Determine p(-1).
-29
Let v(x) = -x**2 + 37*x + 28. Determine v(38).
-10
Let i(z) = -4*z**2 - 78*z + 31. Calculate i(-20).
-9
Let j(p) = -65*p - 1. Calculate j(-1).
64
Let p(o) = -o**2 + 13*o - 29. What is p(9)?
7
Let w(f) = -f**3 - f**2 - 9*f + 1. What is w(0)?
1
Let x(u) = -3*u - 11. Determine x(0).
-11
Let u(l) = l - 12. Determine u(5).
-7
Let i(y) = y**3 - 17*y**2 + y - 18. What is i(17)?
-1
Let n(k) = -6*k - 8. Calculate n(-4).
16
Let m(y) = 2*y - 16. Give m(6).
-4
Let p(v) = -v**2 - 93*v - 92. Determine p(-1).
0
Let c(k) = k**2 + 8*k - 15. Calculate c(-9).
-6
Let n(b) = 42*b - 41. What is n(1)?
1
Let j(t) = t**3 - 24*t**2 + 21*t + 36. Determine j(23).
-10
Let p(d) = 66*d. Determine p(-1).
-66
Let j(k) = 16*k - 27. Calculate j(0).
-27
Let p(m) = m**3 + m**2 - 5*m. What is p(-4)?
-28
Let l(c) = 54*c + 4. Determine l(-1).
-50
Let b(z) = -z**2 - 8*z + 50. What is b(4)?
2
Let k(m) = -2*m**3 - 6*m**2 - m - 2. Give k(-2).
-8
Let n(z) = z**2 + z - 4. Determine n(0).
-4
Let f(j) = j**3 + 38*j**2 + 32*j - 187. Calculate f(-37).
-2
Let p(v) = -3*v**2 + 3*v + 1. Determine p(-2).
-17
Let f(b) = -6*b**2 + 1. Give f(-3).
-53
Let z(q) = 2*q**3 + 4*q**2 + 5*q + 4. What is z(-2)?
-6
Let z(n) = 2*n**2 - 4*n - 12. What is z(6)?
36
Let j(w) = -10*w - 54. Calculate j(-5).
-4
Let k(h) = 5*h. Give k(2).
10
Let k(h) = h - 11. Give k(6).
-5
Let o(p) = 3*p + 17. Determine o(-9).
-10
Let z(w) = -w**3 + 7*w**2 - 7*w + 5. Calculate z(5).
20
Let o(j) = -31*j**2 + 186*j + 8. What is o(6)?
8
Let i(x) = x**2 + 7*x - 17. Calculate i(-8).
-9
Let d(s) = s - 35. Calculate d(8).
-27
Let y(b) = -2*b**3 - 21*b**2 - 7*b + 38. What is y(-10)?
8
Let j(p) = 83*p - 250. What is j(3)?
-1
Let w(b) = 3*b**2 - b + 1. What is w(2)?
11
Let a(d) = 10*d**2 + 19*d - 3. Determine a(-3).
30
Let v(q) = q**3 + 4*q**2 + 9*q + 34. Calculate v(-4).
-2
Let d(j) = -3*j**2 + 17*j - 18. Give d(3).
6
Let i(f) = -f**3 - 4*f**2 + 5*f + 6. Calculate i(-5).
6
Let k(v) = -v**3 - 10*v**2 - 19*v - 43. What is k(-10)?
147
Let m(p) = p**2 - 8*p + 7. Give m(6).
-5
Let g(j) = -j**3 + 6*j**2 + 3*j + 12. Calculate g(7).
-16
Let a(o) = 37*o - 137. What is a(3)?